.
-18
Let u(l) be the first derivative of -5*l**2/2 - l + 1. Let z(p) = -8*p - 31. Let w be z(-4). What is u(w)?
-6
Let t(f) = f**2 + 7*f + 4. Let h = -6 - -1. Let k be 0/(-3 - h)*-1. Let s = -6 - k. Calculate t(s).
-2
Suppose 0 = g - 0*g - 40. Suppose g = 5*p - 20. Let v = 6 - p. Let s(h) = h + 2. Determine s(v).
-4
Let u(y) = 63*y - 34*y - 1 - 28*y + 9. Calculate u(0).
8
Let x(y) = 4 - 176*y**2 + 93*y**2 + 82*y**2 - 4*y. Give x(-6).
-8
Suppose -q - 5 = 4*j, 4*q + 7*j + 20 = 8*j. Let k(a) be the first derivative of 3 - 1/3*a**3 - 7*a - 7/2*a**2. Calculate k(q).
3
Let r(i) be the third derivative of i**6/120 + 19*i**5/60 + 3*i**4/4 + 5*i**3/3 + 27*i**2 - 3*i. Give r(-18).
10
Suppose 0 = -11*n - 79 + 156. Suppose 0*w - 4 = -2*w. Let i(y) = -y**3 + 6*y**2 + 2*y**2 - y**w. Calculate i(n).
0
Let f(p) = p**2 + 9*p - 7. Let d be f(-9). Suppose -s + 3*x = -2*x + 11, -3*s + 23 = -x. Let i(l) = s*l - 2*l - 4 - 14*l - l**2. Determine i(d).
-4
Suppose -2*o = -5*d + 19, -d + 7 = -0*d - 2*o. Let f be (-1)/(d/4)*(10 - 7). Let g(j) = j**2 + 2*j - 3. Determine g(f).
5
Suppose -2*o + 46 = 44. Let v(f) = -f**2 + 2*f - 1. Let m be v(2). Let r = m + o. Let a(n) = -n**2 + 12. Give a(r).
12
Let r = 27 - 50. Let x = r - -21. Let b(p) = p + 1. Give b(x).
-1
Let u(v) be the second derivative of v**3/6 + 5*v**2/2 - 107*v + 2. What is u(8)?
13
Let r(m) = -19*m + 1. Suppose -883*u + 20 = -893*u. Determine r(u).
39
Let m = 15 - -5. Suppose 5*n + b + m = -0*b, 4*n + 4*b + 32 = 0. Let z(s) = s + 4. Give z(n).
1
Let x(u) = 2*u. Let l be x(-2). Let w = 8 + l. Let k(g) = 3 + g + 3 - 2*g - w. What is k(7)?
-5
Let m(h) = 4*h**2 - 5*h - 7. Let g be m(-2). Let d(i) = 9 - 9*i**2 - 9*i**2 + g*i**2 + 6*i. Calculate d(-6).
9
Let o(v) = v**3 + 5*v**2 - 3*v + 1. Let s be o(-6). Let t = s + 5. Let q be 7*13/(182/t). Let u(k) = -k**2 - 4*k - 1. Give u(q).
-13
Suppose -a = -3*a + 4. Suppose 6*m = 2*k + 4*m - 22, -a*m - 29 = -3*k. Let y(q) = -4*q - 5. Let p(b) = 9*b + 11. Let i(z) = k*y(z) + 3*p(z). Give i(2).
-4
Let z(v) = -v**2 + 8*v + 9. Let i be z(7). Let x = -11 + i. Let y(p) = 7*p**3 - 6*p**2 + 6*p. Let a(s) = -s**3. Let f(k) = 6*a(k) + y(k). Calculate f(x).
5
Suppose 11*j + 5*q = 8*j, 3*j + 2*q = -9. Let a(l) = l**2 + 5*l - 4. Calculate a(j).
-4
Let m(n) be the second derivative of -n**5/20 - n**3/3 - n**2 - 78*n + 1. Give m(-2).
10
Let j(b) = b**2. Let r be 4/(-6) + 29/3. Let q = r - 12. Let x be (2/(-8))/(q/24). Calculate j(x).
4
Let l(b) = b**2 + b - 8. Let z(m) = m**3 - 12*m**2 - 9. Let k(w) = -w**3 + 9*w**2 - 7*w + 4. Let r be k(8). Let x be z(r). Let i = x + 9. What is l(i)?
-8
Let u(m) = 5*m + 28. Let b(h) = -3*h**2 + 31*h + 54. Let p be b(12). Give u(p).
-2
Suppose -9 + 12 = y. Let u(s) = s - s**2 + y*s**2 - s**3 - 7*s + 5*s**2 - 8. Determine u(6).
-8
Suppose 0 = -2*u - 5*t + 4 - 10, -2*u + t = 18. Let i(c) = 6*c + 8. Let d(y) = 9*y + 12. Let r(v) = u*i(v) + 5*d(v). What is r(5)?
-19
Let c(j) = -2*j**2 - 3 + 4*j**2 - 3*j + 5. Let m = 11 + 4. Let h = m + -13. Calculate c(h).
4
Let x = 0 + 0. Suppose -4*i + 4*g + 32 = 0, x = -4*i - 2*g + g + 27. Let w(y) be the first derivative of y**3/3 - 9*y**2/2 + 2*y - 5. Calculate w(i).
-12
Let i(u) = u**2 + 5*u - 6. Suppose 774 - 846 = 12*d. What is i(d)?
0
Let o = 13 + -8. Suppose -o*z + 3*z = 6. Let t(d) be the first derivative of d**4/4 + d**3 + 4*d - 1. What is t(z)?
4
Let f(z) = -z**2 - 104*z + 4 + 36*z + 65*z. Suppose -t + 2*t = 0. Suppose 2*v = -3*j + 7, 16 = v - t*j + 4*j. Determine f(v).
0
Let k(z) = z**2 + 14*z + 9. Suppose -560 + 118 = 34*g. Give k(g).
-4
Suppose -2*r + 3 = -r. Suppose -3*s - 3 = r*o, 7 = -2*s - 4*o - 1. Let m(v) = -v**2 + v + 2. Let l be m(s). Let z(p) = p**3 - p**2 - p + 6. Give z(l).
6
Let y(s) = -s. Let x(l) = 8*l + 2. Let p(f) = x(f) + 4*y(f). Suppose -4*n + 38 = 10. Let r(d) = d - 10. Let a be r(n). Calculate p(a).
-10
Let d(m) = 31 - m**2 - 53 + 3*m + 21. Give d(-3).
-19
Let b(x) = 4*x + 19. Let w(m) = -m - 6. Let u be (12/18)/((-2)/21). Let a(z) = u*w(z) - 2*b(z). Let f(n) = -n**3 - 5*n**2 - n - 1. Let d be f(-5). Give a(d).
0
Let x be 10 + -15 + (-145)/1. Let i be 4/(-3)*x/40. Let k(s) = -5*s - 7. Let f(g) = g**2 + 1. Let b(u) = -f(u) - k(u). Give b(i).
6
Let u(d) = -9*d**3 + 11*d**2 + 9*d + 5. Let m(k) = -2*k**3 - k - 1. Let c(b) = 5*m(b) - u(b). Calculate c(-10).
30
Let g(v) = v**2 + 3*v. Let f be g(-2). Let b(o) = 3*o**2 + 3*o**3 - 6*o**3 + 4*o**3 + 2*o - 2 - o. Give b(f).
0
Let r(x) = 5 - 2 - x + 3. Let d be 0 + (0 - 3) + -45. Let m = d - -48. What is r(m)?
6
Let l(i) = -4*i**3 - i**2 + 5*i**3 - 3 - 3. Let h(y) = -y**2 + 8*y - 15. Suppose -x - 11 = -3*w - 5*x, -29 = -5*w + 4*x. Let m be h(w). Give l(m).
-6
Suppose 7 = -2*d + 4*n + 33, -3*d - 2*n + 15 = 0. Let b(o) = -d*o - 3 + 11*o - o**2 + 8. Suppose -9*y = -51 + 6. Determine b(y).
0
Let z(y) = -y**3 + 7*y**2 + 11*y - 12. Let v be z(8). Let o be -2*(-1 - 2) - v/3. Let h(b) = -4*b + 2. Determine h(o).
-6
Let j(r) be the first derivative of r**5/120 + r**4/4 + 2*r**3 + 5. Let a(z) be the third derivative of j(z). Suppose g + 63 = -8*g. Determine a(g).
-1
Let a(y) = y**2 + 2*y - 5. Let z be a(-2). Let c(g) = -2*g**2 - 7*g + 10. Calculate c(z).
-5
Let a(s) = 165*s + 5 - 164*s + 7. Let f be a(-11). Let w(r) be the second derivative of 3*r**4/4 - r**2/2 + 2*r. Determine w(f).
8
Let y(q) = -383*q + 124*q + 135*q + 123*q + 8. Let v(w) = -w**3 + 6*w**2 - 2*w - 7. Let b be v(5). Determine y(b).
0
Let s = 2 - 3. Let c(f) be the third derivative of -f**8/1680 - f**7/5040 - 11*f**5/20 + 38*f**2. Let n(o) be the third derivative of c(o). Calculate n(s).
-11
Let o(i) be the third derivative of -20*i**2 + 5/6*i**3 + 1/6*i**4 - 1/60*i**5 + 0*i + 0. Determine o(6).
-7
Let w be 4/12 - ((-4)/(-12) - -1). Let f(u) = -7*u**2. Give f(w).
-7
Let x = -13 + 38. Let q = x + -21. Let i(l) be the second derivative of -l**4/12 + l**3 + 3*l**2/2 + l. Give i(q).
11
Let n(q) = -q**3 - 7*q**2 - 7*q - 2. Let c be (1 + -6 - 5)*(-5)/(-10). Determine n(c).
-17
Let i = 80 - 79. Let n(m) = 5*m + 1. Give n(i).
6
Let t(p) = -11*p**2 + 5*p + 33. Let z(g) = 5*g**2 - 2*g - 15. Let w(s) = 4*t(s) + 9*z(s). Give w(3).
12
Suppose -3*n - 21 = -3*h, -4*h - 4*n - 22 = -5*h. Let r be 12*h*4/(-16). Let g(k) = -k**2 - 6*k + 5. Determine g(r).
5
Let j(x) be the third derivative of -x**6/60 - x**5/20 + 2*x**3/3 - 63*x**2 + 1. Determine j(-3).
31
Let k(j) = j**3 - 10*j**2 + 9*j + 9. Suppose -8*r + 927 - 855 = 0. Calculate k(r).
9
Suppose 3*q + 5 = -3*g + 5*q, -10 = -3*g + 5*q. Let d(t) = t**3 + 7*t**2 - 4*t + 5. Let y(w) = -w**2. Let i(f) = d(f) + 3*y(f). What is i(g)?
0
Let n(u) = -2*u**2 + 3*u - 1. Suppose 119 - 35 = 28*v. Give n(v).
-10
Let u(b) = 6 - 2*b + 0*b + 2*b**2 - 3. Let r = 13757 - 13754. What is u(r)?
15
Suppose 4*d - 10 = 4*j - 9*j, -3*d + 8 = 4*j. Suppose -3*c - 7 = -5*z + 15, -z - c - 2 = 0. Let t(p) = 1 - j*p**2 + 3*p**z - 5*p - 3 + 0*p**2. Give t(6).
4
Let l(w) = -w + 6. Suppose 0 = -9*z + 4*z. Let m be l(z). Let x be (-2)/4*(8 - m). Let v(j) = -8*j**3 + j**2 - 1. Give v(x).
8
Let j(n) be the second derivative of -n**5/20 + 5*n**4/12 + 7*n**3/3 + 3*n**2 + 339*n. What is j(7)?
6
Let y = 4/51 - -3/34. Let f(b) be the second derivative of -b**2 + 0 - y*b**3 + 2*b. What is f(-2)?
0
Let f(r) = -3*r + 19 + 4*r + 16*r. Let c(i) = 8*i + 9. Let p(o) = 9*c(o) - 4*f(o). What is p(-5)?
-15
Let c(s) = 3*s**3 - 15*s**2 - 11*s + 5. Let x(k) = -5*k**3 + 23*k**2 + 17*k - 8. Let b(p) = 8*c(p) + 5*x(p). Let l be (-22)/18 - 3 - (-8)/36. What is b(l)?
-4
Let z(q) = -2 - q + 4*q + q - 2*q. Suppose -421 - 9 = 5*w. Let t = w + 89. Calculate z(t).
4
Let m(t) = -t**3 - 3*t**2 - 2*t + 1. Suppose 24*x - 2 = 118. Let d(p) = -4*p**3 + 3*p + 3 + 4 + 4*p**2 + 3*p**3. Let j be d(x). Calculate m(j).
7
Suppose 2*n + 6 = -2*c, -4*c - 5 = 2*n + 11. Let h be (3 - -1)*17/34. Let q(o) = -3*o - 9. Let x(u) = -7*u - 19. Let p(a) = c*q(a) + h*x(a). Give p(-5).
2
Suppose 18*c + 0 = -18. Let l(z) = -6*z**2 + 2*z + 2. Calculate l(c).
-6
Let f(d) = 2*d**3 - d**2 - 2*d - 1. Let i be f(-1). Suppose b + 3*a = -4 - 5, 0 = -2*a - 10. Let t(w) = 5 - b - 3*w + w. Calculate t(i).
3
Let a = 53 - 51. Let y(n) = -a*n + 3*n + n + 4 - n. Calculate y(0).
4
Let m(c) = -c**2 - 27*c - 121. Let f be m(-21). Let o(u) = 0*u + 0*u**2 + 2 - u**2 + 4